65?
5, 17, 73
What are the prime factors of 8818699?
17, 518747
What are the prime factors of 2201817?
3, 733939
List the prime factors of 2930186.
2, 7, 209299
List the prime factors of 2902034.
2, 31, 46807
List the prime factors of 788449.
788449
What are the prime factors of 4469362?
2, 2234681
What are the prime factors of 192134?
2, 17, 5651
List the prime factors of 696281.
696281
List the prime factors of 1032028.
2, 59, 4373
List the prime factors of 6334954.
2, 887, 3571
What are the prime factors of 495902?
2, 11, 22541
List the prime factors of 1962419.
1962419
List the prime factors of 1641127.
181, 9067
List the prime factors of 3260784.
2, 3, 67933
What are the prime factors of 1994823?
3, 29, 7643
List the prime factors of 468995.
5, 97, 967
What are the prime factors of 5568345?
3, 5, 4583
List the prime factors of 166134.
2, 3, 27689
What are the prime factors of 219221?
257, 853
What are the prime factors of 362107?
362107
What are the prime factors of 70993?
13, 43, 127
What are the prime factors of 12996159?
3, 11, 359, 1097
What are the prime factors of 410073?
3, 136691
What are the prime factors of 4866050?
2, 5, 7, 13903
List the prime factors of 1533334.
2, 11, 69697
List the prime factors of 31906916.
2, 109, 73181
What are the prime factors of 24391?
24391
What are the prime factors of 1729542?
2, 3, 288257
List the prime factors of 6066690.
2, 3, 5, 7, 4127
What are the prime factors of 1010326?
2, 337, 1499
List the prime factors of 552880.
2, 5, 6911
What are the prime factors of 120535?
5, 24107
What are the prime factors of 156293?
73, 2141
List the prime factors of 2842946.
2, 1421473
List the prime factors of 23643187.
23643187
What are the prime factors of 1163186?
2, 739, 787
What are the prime factors of 10970521?
281, 39041
What are the prime factors of 7716358?
2, 13, 463, 641
List the prime factors of 260913.
3, 29, 2999
List the prime factors of 2998998.
2, 3, 19, 37, 79
List the prime factors of 32762.
2, 16381
List the prime factors of 8555717.
8555717
List the prime factors of 283492.
2, 11, 17, 379
What are the prime factors of 46223?
17, 2719
List the prime factors of 744834.
2, 3, 124139
What are the prime factors of 6956034?
2, 3, 1159339
What are the prime factors of 1630629?
3, 7, 11, 13, 181
List the prime factors of 150444.
2, 3, 7, 199
What are the prime factors of 48998?
2, 24499
What are the prime factors of 287920?
2, 5, 59, 61
What are the prime factors of 4636124?
2, 1159031
List the prime factors of 1759201.
23, 76487
List the prime factors of 275893.
17, 16229
List the prime factors of 3929587.
29, 179, 757
What are the prime factors of 1959172?
2, 489793
What are the prime factors of 2241419?
23, 97453
List the prime factors of 2009574.
2, 3, 7, 41, 389
List the prime factors of 362155.
5, 72431
What are the prime factors of 4699807?
7, 671401
List the prime factors of 332511.
3, 23, 61, 79
List the prime factors of 369309.
3, 257, 479
What are the prime factors of 179009?
23, 43, 181
What are the prime factors of 81630?
2, 3, 5, 907
What are the prime factors of 7998952?
2, 13, 76913
List the prime factors of 6668620.
2, 5, 7, 19, 23, 109
List the prime factors of 18385963.
18385963
List the prime factors of 1083627.
3, 19, 6337
What are the prime factors of 2194907?
11, 13, 15349
What are the prime factors of 621707?
17, 36571
What are the prime factors of 4014?
2, 3, 223
List the prime factors of 15265211.
13, 1174247
List the prime factors of 170754.
2, 3, 149, 191
What are the prime factors of 590137?
590137
What are the prime factors of 2761063?
41, 67343
What are the prime factors of 2015850?
2, 3, 5, 89, 151
List the prime factors of 38062868.
2, 9515717
List the prime factors of 215848.
2, 26981
List the prime factors of 878768.
2, 11, 4993
What are the prime factors of 358507?
191, 1877
List the prime factors of 510229.
31, 109, 151
List the prime factors of 28169456.
2, 7, 251513
What are the prime factors of 514051?
514051
List the prime factors of 456909.
3, 17, 31
List the prime factors of 2619665.
5, 179, 2927
What are the prime factors of 1538840?
2, 5, 17, 31, 73
What are the prime factors of 334068?
2, 3, 7, 41, 97
List the prime factors of 4239445.
5, 7, 59, 2053
What are the prime factors of 1300166?
2, 7, 13267
List the prime factors of 7551630.
2, 3, 5, 9323
List the prime factors of 1750788.
2, 3, 13, 29, 43
What are the prime factors of 5714674?
2, 7, 58313
What are the prime factors of 2002710?
2, 3, 5, 241, 277
List the prime factors of 591909.
3, 191, 1033
What are the prime factors of 34295600?
2, 5, 83, 1033
What are the prime factors of 20029?
20029
What are the prime factors of 363107?
331, 1097
List the prime factors of 6426821.
23, 12149
List the prime factors of 26529.
3, 37, 239
List the prime factors of 8809432.
2, 1101179
List the prime factors of 1206751.
7, 13, 89, 149
List the prime factors of 1456198.
2, 19, 38321
What are the prime factors of 818115?
3, 5, 54541
List the prime factors of 74733.
3, 29, 859
What are the prime factors of 140388?
2, 3, 11699
List the prime factors of 523014.
2, 3, 61, 1429
List the prime factors of 3148781.
1129, 2789
What are the prime factors of 3810947?
7, 563, 967
What are the prime factors of 883220?
2, 5, 13, 43, 79
List the prime factors of 1505057.
331, 4547
What are the prime factors of 32785?
5, 79, 83
What are the prime factors of 5200424?
2, 37, 17569
List the prime factors of 3265382.
2, 1632691
What are the prime factors of 8482787?
8482787
What are the prime factors of 3169472?
2, 49523
List the prime factors of 1144076.
2, 286019
List the prime factors of 12391046.
2, 1657, 3739
List the prime factors of 448791.
3, 7, 43, 71
List the prime factors of 417626.
2, 11, 41, 463
List the prime factors of 234641.
11, 83, 257
What are the prime factors of 13360290?
2, 3, 5, 593, 751
What are the prime factors of 638607?
3, 212869
What are the prime factors of 742586?
2, 13
What are the prime factors of 14515762?
2, 47, 154423
List the prime factors of 9809036.
2, 2452259
List the prime factors of 3523359.
3, 7, 167779
What are the prime factors of 132436?
2, 113, 293
List the prime factors of 1945096.
2, 243137
List the prime factors of 3144770.
2, 5, 47, 6691
List the prime factors of 231302.
2, 17, 6803
List the prime factors of 853043.
17, 19, 139
What are the prime factors of 54664?
2, 6833
List the prime factors of 582714.
2, 3, 11, 109
What are the prime factors of 129630?
2, 3, 5, 29, 149
List the prime factors of 1138145.
5, 227629
What are the prime factors of 272693?
272693
What are the prime factors of 456251?
23, 83, 239
List the prime factors of 177469.
103, 1723
List the prime factors of 831212.
2, 19, 10937
What are the prime factors of 211682?
2, 53, 1997
What are the prime factors of 16383791?
139, 311, 379
List the prime factors of 4628097.
3, 17, 3361
List the prime factors of 176794.
2, 88397
What are the prime factors of 960607?
73, 13159
List the prime factors of 5356741.
13, 107, 3851
What are the prime factors of 9401372?
2, 619, 3797
What are the prime factors of 131853?
3, 43951
What are the prime factors of 194971?
7, 23, 173
What are the prime factors of 993183?
3, 97, 3413
What are the prime factors of 135391?
135391
What are the prime factors of 35935075?
5, 11, 149, 877
List the prime factors of 34369959.
3, 13, 29, 30389
What are the prime factors of 1782?
2, 3, 11
What are the prime factors of 225418?
2, 41, 2749
What are the prime factors of 3901999?
3901999
List the prime factors of 1120386.
2, 3, 29, 47, 137
What are the prime factors of 2838610?
2, 5, 283861
List the prime factors of 508285.
5, 59, 1723
List the prime factors of 1215464.
2, 137, 1109
What are the prime factors of 275543?
275543
What are the prime factors of 475494?
2, 3, 19, 43, 97
List the prime factors of 438704.
2, 7, 3917
What are the prime factors of 58484?
2, 14621
What are the prime factors of 2913232?
2, 7, 19, 37
List the prime factors of 2246551.
2246551
List the prime factors of 392303.
127, 3089
What are the prime factors of 11355220?
2, 5, 567761
List the prime factors of 107148.
2, 3, 8929
What are the prime factors of 113952?
2, 3, 1187
What are the prime factors of 9377258?
2, 11,